 = -5*q**2 + 9*q. Let h(i) = 4*i**2 - 8*i. Let u(t) = 3*b(t) + 4*h(t). Let n be u(-6). What is the highest common divisor of n and 6?
6
Let w be 6/(-4)*96/(-18). Suppose 0 = -c - w + 107. What is the greatest common factor of c and 11?
11
Suppose -6*o = -4*o - 34. What is the highest common factor of 17 and o?
17
Let t be (-2 + -1)*2/6. Suppose -2*a - 14 = -4*w, -2*w = w - 2*a - 8. Let y be ((-27)/w)/(t/18). Calculate the highest common divisor of 9 and y.
9
Let d(y) = -y**3 - 7*y**2 - 5*y + 8. Let x be d(-7). Calculate the highest common divisor of 301 and x.
43
Let d(m) = -5*m + 5. Let j be d(-5). Suppose j = 2*l - 4. Calculate the highest common factor of l and 34.
17
Suppose -4*k + 2*h = h - 4, -3*k + 22 = 4*h. Suppose 0*p - 64 = -2*p - 2*s, -5*p + k*s = -188. What is the highest common divisor of p and 24?
12
Let j(q) = q**3 - 7*q**2 - 12*q - 4. Let p be j(9). Let t = -6 - -14. Let z = t - -2. Calculate the highest common divisor of p and z.
10
Suppose 5*n + 5*d = 169 + 91, 5*d = 3*n - 124. Calculate the greatest common divisor of 72 and n.
24
Let r = 92 + -91. What is the greatest common factor of r and 8?
1
Suppose 15 = 4*u - u - 3*z, 2*z + 1 = -u. Suppose 0 = 8*f - u*f - 55. Calculate the greatest common divisor of f and 22.
11
Let l = 2 - 3. Let b = l + 3. Let c be b*(1 - 3/(-3)). Calculate the highest common factor of 20 and c.
4
Suppose 3*v + 5*h + 71 = 0, v - 2*h = 3*v + 50. Let c = 0 - v. What is the greatest common divisor of c and 3?
3
Suppose 45 = 5*y - b, -y = -4*b - b + 15. Calculate the greatest common divisor of y and 80.
10
Let w be 0*3/(-9) - -22. Let u = -8 + 14. Let f be (-4)/u*-1*3. Calculate the highest common factor of w and f.
2
Suppose 5*p - 311 = -2*c, 3*p + 0*c - 181 = -4*c. Let r(x) = 2*x - 7. Let o be r(8). What is the highest common divisor of o and p?
9
Let t be (-8)/4*(-25)/10. Suppose 6 = i + t*f + 3, f = -2*i + 15. What is the highest common factor of 4 and i?
4
Let q be (4/5)/(11/55). Suppose q*a - 82 = -18. What is the greatest common factor of a and 8?
8
Suppose 4*o - 16 = -k, -o + 0*o = -k + 1. Suppose -2*s - 2*c + 4 = -6, -4*s + 4*c + 4 = 0. Calculate the greatest common factor of s and o.
3
Let q(t) be the second derivative of -4*t**3/3 - 3*t**2/2 + t. Let b be q(-2). What is the greatest common divisor of 52 and b?
13
Let q be (25 - -1)*(0 + 1). Let f = -15 - -80. Calculate the highest common divisor of q and f.
13
Let s(t) = 10*t**2. Let g be s(2). Let i = -4 - -6. Suppose 0 = -i*m + o + 17, m - 3 = 2*o + 7. Calculate the highest common factor of m and g.
8
Let q(a) = 5*a**2 - 13*a + 8. Let h be q(8). Suppose -2*w - h = -4*w. Calculate the greatest common divisor of w and 16.
16
Let m(r) = 120*r**2 + 2*r - 1. Let g be m(1). Let w be 3 - 1 - (-5 - (-12)/(-3)). Calculate the highest common divisor of w and g.
11
Suppose 3*t = 7*t - 4*b - 40, -4 = 2*t + 4*b. What is the highest common factor of t and 21?
3
Let z = 3 + -1. Suppose z*n = 34 - 10. What is the greatest common divisor of n and 36?
12
Let f = -1 + 10. Suppose 3*l - 39 + 12 = 0. Suppose -3*z + l = -18. Calculate the greatest common factor of f and z.
9
Let f = -11 - -20. What is the highest common divisor of 27 and f?
9
Suppose 5*a = -f - f - 5, -f = 0. Let s = 2 - a. Suppose 0 = -5*y + 10, -3*r + 43 = s*y - 4*y. What is the greatest common divisor of r and 15?
15
Let y(q) = -q**2 + 10*q - 12. Let p be y(7). Calculate the highest common factor of 72 and p.
9
Suppose 2*v = 5*v. Suppose -4*q + v + 16 = 0. Calculate the highest common divisor of q and 8.
4
Suppose y = 4*h + 36, y + 246 = 6*y + 2*h. Suppose 4*i - 7 = d, -i + 8 = -5*i - 4*d. Suppose -17 = -g - i. What is the greatest common divisor of y and g?
16
Suppose 3*t = 8*t - 60. Calculate the greatest common divisor of t and 12.
12
Suppose -3*g = -4*a - 32, -2*g + 4*a + 26 = -2. What is the greatest common divisor of g and 32?
4
Let t(y) be the first derivative of y**4/4 + 2*y**3/3 - y**2 - 2*y + 2. Let z be t(-3). Let c be 2/5 + (-33)/z. What is the greatest common divisor of c and 35?
7
Let v(h) = h**2 - 12*h + 12. Let a be v(12). Let f be (-1 - -4) + a + -4. What is the greatest common divisor of f and 1?
1
Let j be (-9)/((-9)/(-5) + -2). Suppose -3*c = -12 - j. Calculate the highest common factor of 171 and c.
19
Let c = -17 - -24. Calculate the highest common factor of 7 and c.
7
Let s = 37 - -3. Suppose g = 6*g - s. Let n(a) = 4*a**2 + 5*a + 3. Let m be n(-3). Calculate the greatest common factor of g and m.
8
Let w(c) = c + 30. Let i be w(-13). Calculate the greatest common factor of 17 and i.
17
Let y = 20 - 7. Let u = y + 4. Let l = u - 9. Calculate the highest common divisor of 8 and l.
8
Let y(f) = f**2 + f + 36. Let g be y(0). Let q(c) = c**2 + c - 2. Let w be q(-5). What is the greatest common factor of w and g?
18
Let q = -221 + 226. Let w be (-1 + 23/3)*27. Let z be ((-1)/(-2))/(2/w). What is the greatest common factor of q and z?
5
Let y(u) = u**3 - 4*u**2 - 4*u + 2. Suppose 3*t - 16 = -1. Let w be y(t). Suppose -w - 17 = -3*q. Calculate the greatest common factor of q and 56.
8
Let a be 2/(2 + -4) + 12. Let w be 2085/21 + 2/(-7). What is the greatest common divisor of w and a?
11
Suppose -p + 25 = 5*m, -51 = -3*m + 5*p - 8. Calculate the greatest common factor of 48 and m.
6
Suppose 0 = 3*y - 810 - 750. Suppose 5*f = 4*q - y, 3*f + 650 = -q + 6*q. Suppose -3*r + 80 = -q. What is the greatest common factor of r and 10?
10
Let g = -10 - -15. Suppose -d - 2*d = g*y - 27, 5*d = 4*y + 8. Calculate the greatest common divisor of 4 and d.
4
Let u(z) = -7*z + 7. Let y be u(-5). Suppose 5*o = 17 + 18. Suppose 0 = 4*d - 3*h - 97 + o, 36 = 2*d + 3*h. What is the highest common divisor of y and d?
21
Suppose -179 = -6*j + 37. What is the highest common divisor of j and 12?
12
Let o(x) = x**2 - 7*x + 8. Let w be o(8). What is the greatest common factor of w and 8?
8
Let m be (-2 - -3)*34 - 0. What is the highest common factor of 17 and m?
17
Let r = -107 + 182. Suppose -2*o - 3*p = -4*o + 51, -5*p + 105 = 3*o. What is the highest common divisor of r and o?
15
Let l be (-4 + 3)*(-48)/2. What is the highest common divisor of l and 24?
24
Suppose -156 = -2*w - 3*z, 5*w - 197 = -2*z + 171. Let b be (-3)/12 - (45/(-4) - -2). What is the greatest common factor of w and b?
9
Let w be 6548/26 - (-4)/26. Calculate the greatest common factor of w and 21.
21
Suppose -2*v + j + 24 = 5*j, 4*v + 2*j = 24. Suppose -2*o + 3*f + 87 = 2*o, -5*o - 2*f = -126. What is the highest common divisor of o and v?
4
Let s = -33 - -64. What is the highest common divisor of 31 and s?
31
Let u be -1 + 3 + (0 - -5) + 18. Calculate the greatest common factor of 75 and u.
25
Let f(c) = c - 9. Let p be f(7). Let z be -6*7/p - 1. Calculate the highest common divisor of 30 and z.
10
Let k be -2 + 15/9*(0 - -21). What is the greatest common factor of 22 and k?
11
Let g = 62 + -34. Calculate the highest common divisor of 8 and g.
4
Let q = 73 - 71. What is the highest common divisor of 2 and q?
2
Let q(p) = -10*p + 31. Let m be q(-5). What is the highest common divisor of m and 54?
27
Let t be (-3 + 44/12)*12. Calculate the greatest common factor of t and 8.
8
Let t be (-2)/1 + (3 - -47). What is the greatest common factor of t and 24?
24
Suppose u - n - 5 = 0, 11*n - 24 = -2*u + 6*n. What is the greatest common factor of u and 7?
7
Suppose 3*i + 63 = 243. Calculate the greatest common factor of 24 and i.
12
Suppose h = 19 + 26. Let z = 249 - 240. Calculate the greatest common divisor of z and h.
9
Let k(a) = 2*a**2 - 6*a - 7. Let m be k(5). Let z(n) = 20*n + 4. Let x be z(5). Calculate the highest common divisor of m and x.
13
Suppose -4 = f, -5*v = -v + 4*f - 140. What is the greatest common factor of 78 and v?
39
Suppose 0 = v - 30 + 2. What is the greatest common factor of v and 8?
4
Let p(f) = f**2 + 6*f - 5. Let t be p(-9). Calculate the highest common divisor of 2 and t.
2
Suppose -4*g = d - 23, -2*d + g + 7 = 2*d. Let k(a) = a**3 + 7*a**2 + 2*a + 3. Let c be k(-3). What is the highest common factor of d and c?
3
Suppose 0*w - 3*w = -30. Let g(p) be the second derivative of 13*p**3/2 + p**2/2 + 6*p. Let i be g(1). Calculate the greatest common divisor of w and i.
10
Let a be (-1*2)/((-3)/(-3)). Let k be ((-9)/(